ighest common divisor of t and 3?
1
Suppose 5*s - 4*s - 18 = 3*u, 4*s = -4*u + 8. Suppose j + 0*j = 3*c - 200, -2*j = -c + 70. What is the highest common factor of s and c?
6
Let g(s) = s**3 + 3*s**2 - 4*s + 5. Let v be g(-4). Suppose -4*i = d - 3*d - 30, -2*i - v*d - 15 = 0. Calculate the greatest common factor of 55 and i.
5
Suppose -m = 2*m + 3*x - 18, -3*m - 5*x + 20 = 0. Let a(n) = n**2 + n - 3. Let v be a(m). What is the highest common factor of v and 9?
9
Let o(x) = -x**3 + 6*x**2 + 8*x - 5. Let m be o(7). Let c = m - -30. Calculate the highest common divisor of 80 and c.
16
Suppose -5*f - 2 + 47 = 0. Let v(i) = i**3 - i**2 + 45. Suppose 2*d = -2*d. Let l be v(d). Calculate the greatest common factor of l and f.
9
Let v = -11 + 8. Let c be 16/(-3)*v/2. Suppose k - 12 - 28 = 0. Calculate the greatest common factor of k and c.
8
Let i be (1/2)/(3/18). Let o be (i - (-3 + -20))/2. What is the greatest common divisor of o and 104?
13
Suppose -60 = 4*x - 9*x. Let m be (51/x)/(3/12). Calculate the highest common divisor of 153 and m.
17
Suppose 0*l = -6*l + 96. What is the highest common divisor of 4 and l?
4
Let s be 195/10*(-5)/((-15)/2). What is the greatest common factor of s and 234?
13
Let n(p) = -p**3 + 7*p**2 - 5*p + 5. Let x be n(6). Let a(y) = -y**3 + 7*y**2 + 4*y - 6. Let m be a(7). What is the highest common divisor of m and x?
11
Let p = -16 + 24. Calculate the greatest common divisor of 104 and p.
8
Let c(z) = z**3 - 12*z**2 + 11*z + 5. Let g be c(11). Suppose -g*y = 224 - 624. What is the highest common divisor of 32 and y?
16
Let n(a) = a**3 + 0 - 5 - 6*a - 4*a**2 + a**2. Suppose 3*x = -4 + 19. Let z be n(x). What is the greatest common factor of z and 5?
5
Let x be 6/(-8) - ((-51)/4 - 3). What is the greatest common factor of x and 15?
15
Let i be 35/2 - 4/(-8). Calculate the greatest common factor of 162 and i.
18
Suppose -2*s - 67 = -o, -2*o = o + 3*s - 192. Calculate the greatest common divisor of 13 and o.
13
Let r be (211 - 1) + 1 + (-4)/1. What is the highest common factor of r and 23?
23
Let c be (-1 - 6/(-4))*4. Let p be (c/3)/(4/30). What is the greatest common factor of p and 55?
5
Suppose -2*z - 2*p + 92 = 0, -4*p - 198 = -4*z - p. Suppose -2*y + 2 = -8. Suppose y*f = f + 48. What is the highest common factor of z and f?
12
Suppose 143 + 471 = 2*h. Suppose 4*u + 197 = 3*t, -3*t = 2*t + 4*u - h. What is the greatest common divisor of 9 and t?
9
Let v = -4 - -4. Suppose -2*s = -v*s + 2, 5*s + 5 = -2*n. Suppose -2*d - d + k + 64 = n, -4*k = d - 4. What is the greatest common factor of 10 and d?
10
Let m be 6/9 - 26/(-6). Suppose 0 = 2*g + 1 - m. What is the highest common divisor of 2 and g?
2
Let g be (-1)/2 - 5/(-2). Let l = g + 0. Suppose -3*c + l = -19. What is the greatest common divisor of c and 70?
7
Suppose 0 = 3*c - 5*c - 4. Let o be 4*((-3)/12 - c). Let d(v) = -v**3 + v**2 - v + 7. Let j be d(0). Calculate the greatest common divisor of j and o.
7
Let n = 19 - 4. Let w = n + 30. Calculate the greatest common factor of 15 and w.
15
Let g(m) = m**3 - 4*m**2 - 5*m - 2. Let x(h) = 1. Let o(n) = -g(n) + 4*x(n). Let r be o(5). Let a = 27 + -18. What is the highest common factor of a and r?
3
Let r be ((-120)/14)/((-9)/63). Let n = 46 - 22. What is the greatest common factor of r and n?
12
Let n(a) = -a**2 + 6*a - 3. Let k be n(4). Suppose -q - 4*u = -16, -5*q = u + u - 98. What is the highest common divisor of q and k?
5
Suppose 3*y - 12 = 0, -4*j = -y + 5*y - 2296. Let u = 78 - j. Let h be u/(-9) + 2/6. What is the greatest common divisor of h and 22?
11
Suppose -2*p + p - 3 = -q, -2*q = -3*p - 4. Let x(i) = i**3 + 5*i**2 + 4*i - 1. Let h be x(-3). What is the highest common divisor of h and q?
5
Let a = 18 + 10. Calculate the highest common divisor of a and 7.
7
Let u(t) = -t**3 + 3*t**2 - 2*t + 2. Let d be u(2). Suppose 52 = d*v - 0*v. Calculate the highest common divisor of 52 and v.
26
Suppose 8*d = 4*d + 308. Suppose 5*l + 3*o - 52 = 0, 3*l - 20 - 9 = -4*o. Calculate the highest common factor of d and l.
11
Suppose 4*r + 154 + 42 = 0. Suppose 118 = 4*o - 3*u + 17, 4*u + 12 = 0. Let b = o - r. Calculate the greatest common divisor of b and 8.
8
Let v be (-70)/42*18/(-5). What is the greatest common factor of 6 and v?
6
Suppose -2*u = -4*r + 212, 2*r - 69 = -u + 41. Let o = -31 - -49. Calculate the greatest common divisor of r and o.
18
Let p(r) = -42*r. Let a be p(-3). Let l(t) = t**3 - 2*t**2 - 4*t - 2. Let u be l(4). What is the greatest common factor of u and a?
14
Let o(g) be the first derivative of g**3/3 + 5*g**2/2 + 6*g + 3. Let l be o(-4). Suppose l*a - 572 = -2*a. Calculate the greatest common factor of a and 13.
13
Suppose n + 0*n - 6 = 0. What is the highest common divisor of 15 and n?
3
Let i be (84/16)/((-3)/(-56)). Calculate the highest common factor of i and 14.
14
Suppose 3*s - 2*l - 31 = 0, 5*s - 3*l - 33 = 2*s. Let f be -18*(1 + 13/(-2)). What is the greatest common factor of s and f?
9
Let r = -12 + 27. What is the greatest common factor of r and 135?
15
Let k(h) = 6*h**2. Let c be k(1). Suppose -18*o - 12 = -22*o. Calculate the greatest common divisor of c and o.
3
Let f = -16 + 23. Calculate the greatest common factor of 21 and f.
7
Let k(s) = -2*s**2 - 4*s + 2. Suppose 0 = -2*c + 6, 4*c + 1 = -j + 8. Let d be k(j). Let l be 11/(-3 - d/9). Calculate the greatest common factor of 9 and l.
9
Let f(o) = -o**2 + 90. Let v be f(0). Let q be 1*-4*(-99)/18. Let g = -13 + q. What is the greatest common factor of v and g?
9
Let t = -273 + 159. Let z be t/(-10) - (-4)/(-10). Let b be z/5 + 1/(-5). Calculate the greatest common divisor of 5 and b.
1
Let k = 11 - 44. Suppose -3*s + 4*q = 163, -4*q = -s - 9*q - 67. Let g = k - s. Calculate the highest common factor of g and 16.
8
Let g = -3 + 5. Let y be 17 + 2 + -3 - g. Suppose -6*m = -5*m - 126. Calculate the greatest common factor of y and m.
14
Let v = -32 + 88. Suppose 0*h + v = 2*h. What is the greatest common factor of 42 and h?
14
Suppose 4*w - u - 27 = -w, 3*w = -u + 13. Suppose -5*o = -5 - 5. Suppose 0 = -o*i + w*i - 6. Calculate the highest common divisor of 18 and i.
2
Let c be (-4)/(-24) - (-82)/12. Let x(a) = -a**3 - 7*a**2 - 4*a - 7. Let r be x(-7). Calculate the highest common factor of c and r.
7
Let d = 277 - 197. What is the greatest common factor of 20 and d?
20
Let o(a) be the first derivative of -a**3/3 - 5*a**2/2 + 8*a - 4. Let d be o(-6). Calculate the greatest common divisor of d and 3.
1
Suppose -3*u - 3 = -x, 4*x - x - 37 = -5*u. Suppose 9 = n - 4*n. Let y(l) = -28*l - 3. Let a be y(n). What is the greatest common divisor of x and a?
9
Let q be (-2)/(-5) - 4/10. Suppose 0 = -q*a - 4*a + 16. Suppose 0 + 2 = -2*c + a*o, 3*c - 5*o - 1 = 0. What is the greatest common factor of 77 and c?
7
Suppose 0 = 5*f - 5 - 10. Suppose g = -5*o + 65, -3*g - f*o = -2*g - 67. Calculate the highest common divisor of 10 and g.
10
Suppose -5*i = -2*i - 15. Let k(s) = i*s + 5*s + 4 - 6*s. Let f be k(8). What is the highest common factor of 4 and f?
4
Let w(v) = v**3 - 4*v**2 + 3*v + 4. Let r be w(4). Calculate the greatest common divisor of r and 176.
16
Suppose -4 = -4*z, 2*d - 46 = d + 2*z. What is the greatest common factor of d and 36?
12
Let t be 1 + (-8)/10 - (-1298)/110. What is the greatest common factor of 108 and t?
12
Let v(z) = -2*z - 6*z**2 - 1 - 7 + z**3 + 1. Let a be v(8). Calculate the greatest common divisor of 15 and a.
15
Let q = 11 - 14. Let u be q - -29 - 2/(-2). Suppose u = -r + 4*r. Calculate the highest common factor of 63 and r.
9
Let v(i) = 14*i**2 + i + 4. Let f(n) = -n**2 - 1. Let r(w) = 4*f(w) + v(w). Let t be r(-1). What is the highest common divisor of t and 9?
9
Let v be (4/(-6))/(6/(-36)). Suppose -2*o - 3*o = 5*g - 210, -3*g = 5*o - 214. What is the greatest common factor of v and o?
4
Let x = -80 - -97. Calculate the highest common divisor of 153 and x.
17
Let d(g) = 9*g + 2. Let k be d(-1). Let u be (1 + -3)*(2 + k). What is the highest common factor of 4 and u?
2
Suppose 0 = s + 5*l - 32, -3*s = s - l - 23. What is the greatest common divisor of s and 2?
1
Suppose -i - 5 - 7 = 0. Let u be (30/(-9))/(2/i). Calculate the greatest common factor of 140 and u.
20
Let x = -2 - -4. Suppose -5*l + 42 = -4*m, -x*m 